4))/(1/4). Is 2/13 + 4/(312/r) a composite number?
True
Is ((-1)/(-3))/(662523/(-4306653) + 104/676) prime?
True
Let i(j) = j**2 + 6*j + 14. Let h be i(-2). Is 46533/(-2)*(-8 + 44/h) a prime number?
True
Let b be 8*(2 + (-26)/16) - -38. Let i(k) = -1034*k + 9 + 7*k + b*k. Is i(-1) prime?
False
Let i = 112921 + -16797. Suppose -194*p = -198*p + i. Is p composite?
True
Let n be (27/(-4))/(21/(-112)). Suppose y - 7*y - n = 0. Is (-2 + 3185)*1/y*-2 composite?
False
Let y be (1/2)/((-6)/(-36)). Suppose g = 2*l - 469 - 2950, y*l + 5*g = 5122. Is l prime?
True
Let k = 160178 - 69117. Is k composite?
True
Let v = 955702 + -388269. Is v a composite number?
True
Let m = 856 - -17037. Is m a composite number?
True
Suppose -9*t + 18 = -3*t. Suppose -v = -3*v + m + 4059, -2040 = -v - t*m. Suppose v = 13*q - 10*q. Is q a composite number?
False
Let m be 16/28 - (-2151)/21. Let l = 102 - m. Let i(d) = 696*d**2 + 1. Is i(l) a composite number?
True
Let o = 664 + -654. Suppose -o*u - 94279 = -39*u. Is u a composite number?
False
Let m be -3*(-18)/(-243) - 38/(-9). Let o(u) = 1190*u - 35. Let g be o(m). Is g/6 + (-7)/14 a composite number?
False
Let c be 4/5*565/(-2). Suppose -6*f = 12 + 450. Let l = f - c. Is l a prime number?
True
Let v be 339/(-21) + 3/21. Let m be 6/(-4)*v/(-24). Is (-69)/(12/188*m) a composite number?
True
Suppose -11*w + 10*w = 6. Is (20144/w)/(-8)*3 prime?
True
Suppose 6384*p = 6370*p + 2911174. Is p composite?
False
Suppose -5*d - 2*p = -4*p, p - 15 = -5*d. Suppose 5*g = -d*y - 0 - 7, -2 = -y + 3*g. Is (-3 - -2)*y/2*5366 composite?
False
Suppose -9*o + 96 = -5*o. Let d be (9/4)/(o/(-1856)). Let k = 292 + d. Is k prime?
False
Let w(h) = 12974839 + 13*h**2 - 12974848 - 5*h + 17*h**2 + 5*h**2. Suppose 5*x + 29 = 3*l, -2*x = 2*x + l + 13. Is w(x) a composite number?
False
Let z(h) = -h**3 - 4*h**2 + 9*h - 16. Let s be z(-6). Suppose -2*n - s*t + 38514 = 0, -5*n - 16385 = -5*t - 112690. Is n a prime number?
True
Let z be ((-84)/(-140))/((-1)/(-5)). Suppose 3195 = z*g + 4*s, 0*g + s = -2*g + 2125. Is g prime?
True
Let h = -1078 + 619. Let v = 1116 + h. Suppose 8*f - 3*f = -k + v, 3*k = -f + 1943. Is k a composite number?
False
Let k be (2 - 1)/(5/10). Let q be -1 + k + -3 + (-44)/(-11). Suppose q*l = -l + 4*x + 6979, 5*x - 25 = 0. Is l prime?
True
Let a be ((-4)/5)/(11/(-55)). Suppose -a*k + 9 + 3 = 0. Suppose -2*q + 227 = b, -q = 4*b + k*q - 896. Is b a prime number?
False
Suppose 1 = -4*b + 9. Suppose 6*m + b*l = m + 26690, -3*m - 5*l = -15995. Suppose k - m = -4*p + 1501, 5*k + 5102 = 3*p. Is p composite?
False
Let h(d) be the third derivative of d**5/30 + d**4/24 - 7*d**3/3 - 19*d**2. Let v be h(4). Suppose v = -2*l + 380. Is l prime?
True
Let r be (-4)/(-16) - (-219)/(-12). Let t = 22 + r. Suppose t*a = 7*a - 5*c - 4227, a - c = 1409. Is a a prime number?
True
Let z = -3710 + 6519. Is z a composite number?
True
Let n = 2702080 - 1741101. Is n composite?
True
Let k = -51 - -41. Let x(m) = -5*m**3 - 3*m**2 + 5*m - 2. Let w be x(k). Is 4/((-8)/6)*w/(-24) composite?
True
Suppose 30*b - 8*b - 148874 = 0. Let u = b - 2566. Is u prime?
True
Let s be 19667/(-5) - (-30)/75. Let p = -2544 - s. Suppose 3*d - 4*i = 1389, 0*d + i = -3*d + p. Is d a composite number?
False
Let n = -94 - -94. Let c(p) = 3*p**2 + 5*p**3 - 4*p - 3*p**3 + n - 5 + 9*p. Is c(4) prime?
True
Suppose 16*h = 90242 - 33698. Suppose -m + i = -3564, m + 8*i - 3*i = h. Is m composite?
False
Suppose 0 = -7*b + 8998 + 984. Let m(a) = 6*a**2 + a. Let o be m(-1). Suppose o*f = 3*f + b. Is f composite?
True
Let r = -6635 + 17234. Is r a prime number?
False
Let b(i) = 7*i - 117. Let q be b(17). Suppose o - q*l = 4199, -8 = l - 9. Is o a prime number?
True
Let w = 8417743 + -4705442. Is w a prime number?
True
Suppose -110*n + 3*w = -113*n + 158178, 4*w - 263633 = -5*n. Is n prime?
False
Suppose 9*k + 5*u = 6*k + 4193, 6971 = 5*k + 4*u. Let c = -952 + k. Is c prime?
True
Suppose 158*l - 162458 = 153*l - i, -6 = -2*i. Is l a prime number?
True
Let d be (-19393)/5 - (-144)/(-360). Let r = d + 9136. Is r a prime number?
False
Suppose 353397 + 198212 = 23*y. Is y composite?
True
Is -2*(-8889)/(-18)*-39 a composite number?
True
Is -59*(135079 + 7)/(-14) a composite number?
True
Let t = 93 + -84. Suppose -7*i - t*i = -12752. Is i prime?
True
Suppose -6*w - 2*j = -4*w - 2, 0 = -2*w + 3*j + 7. Suppose -w*p = -p - 8999. Is p a prime number?
True
Suppose 0 = -4*z + 4*c + 32, -3*c + 41 = 4*z + 2*c. Let y be -5 - (-5 - -7 - z). Suppose 3*h = 4*u + 10071, -u - 480 = -y*h + 6229. Is h prime?
False
Suppose -i - 3*i + 62788 = 0. Suppose -3*k + i + 40070 = 0. Is k a prime number?
False
Let j(g) be the second derivative of 7*g**6/120 + 7*g**5/120 + g**4/24 - 23*g**3/6 - 18*g. Let l(f) be the second derivative of j(f). Is l(7) composite?
True
Suppose 18*t - 27090 = -5*m + 13*t, 0 = -3*m + 5*t + 16270. Let y = 8951 + m. Is y composite?
True
Let n = 17 - 15. Suppose 4*g + 0*g + n*l - 1176 = 0, 2*g - 5*l = 600. Is (-3)/(-12)*0 - (2 - g) composite?
False
Let n(s) = 918*s**2 + 74*s - 1221. Is n(29) prime?
True
Is (-58207)/(-9) + ((-791)/(-63) - 13) a composite number?
True
Is (395/(-15) + 26)/(((-10)/3038106)/5) composite?
False
Let i(m) = -5*m**3 - 5*m**2 - 16*m - 14. Let o be (13/(-4))/(((-10)/(-8))/5). Is i(o) a composite number?
True
Let p(a) = 440*a + 58. Suppose 23 = -5*t + 4*x - 3, 2*x = 3*t + 16. Let l be p(t). Let q = -1575 - l. Is q prime?
False
Suppose 2*g - 472657 = -3*z - 0*z, 0 = -z - 4*g + 157539. Is z composite?
True
Let c(v) = 525*v**3 - 4*v**2 + 4*v + 7. Let k be c(-1). Let a(u) = u - 5. Let b be a(0). Is k/(-10) - b/50*4 a prime number?
True
Let g = -414 - -404. Let a(j) = -2*j**3 - j**2 + 13*j + 23. Is a(g) composite?
True
Let a = 15016 - 10649. Is a a prime number?
False
Let h(w) = w + 6. Let g be h(-9). Let r(y) = y + 7. Let s be r(g). Suppose 2908 = 8*t - s*t. Is t a composite number?
False
Suppose 4*w + h = 19, 5*w - 5*h = 6*w. Let k = 18234 + -10343. Suppose -3*z = -w*s - 5*z + 9867, z + k = 4*s. Is s prime?
True
Suppose 10*r - 3*r + 98 = 0. Is (-274992)/(-168) + (-2)/r a composite number?
False
Let c = 36158 + -2701. Is c prime?
True
Suppose -32 = -4*l, 0 = -3*u + 49*l - 48*l + 127129. Is u prime?
True
Let k = -152 - -156. Let l(q) = 188*q**2 - 8*q + 23. Is l(k) composite?
False
Let k(w) = 6*w - 45. Let f be k(7). Let u(s) = 82*s**2 + 5*s + 22. Is u(f) a composite number?
True
Is 42932 - 1/(((-1)/(-4))/(55/(-110))) a composite number?
True
Let l be (6*(-2)/(-4))/(81 - 80). Suppose 17*m + 24446 = 19*m - 2*z, -l*m - z + 36669 = 0. Is m prime?
False
Let x(t) = 1300*t**2 + 16*t + 89. Is x(7) a prime number?
True
Let d(g) = -g**3 + 27*g**2 - g + 32. Let x be d(27). Suppose -4*o + 8322 = 5*q - 1411, 0 = -x*q - o + 9742. Is q prime?
True
Suppose -443*i - 435234 = -545*i. Is i prime?
False
Suppose -7*m + 23146 + 50263 = 0. Is m a composite number?
False
Let l = -336 + 246. Is l/18 + 526*1 a prime number?
True
Suppose -2*j + 3*p = -20095, 10*j - 14*j - 3*p = -40199. Let i = j + -3450. Is i a composite number?
False
Let s(x) = -3*x**2 - x + 1. Let k be s(1). Is (-14104)/k + -3 + (-80)/(-30) a prime number?
False
Suppose -12*y = -54*y - 20*y + 8003890. Is y a composite number?
True
Let x = -130 - -189. Let p(v) = -58 - x + 114 + 55*v**2 - 18*v**2 + 9*v. Is p(8) a composite number?
False
Suppose -3*b + 5*k = -1768008, 142*b - 1767999 = 139*b + 2*k. Is b prime?
True
Let t(p) be the second derivative of -1/12*p**4 + 2/3*p**3 + 13*p + 0 + 3/2*p**2 - 1/20*p**5. Is t(-8) a prime number?
True
Let w be 6*(20/6 - 1). Suppose 4*b - g - 12 = 0, 0*g + w = 5*b - g. Suppose -s - s + 7280 = 2*a, s - 3637 = -b*a. Is s a composite number?
False
Let v = 171764 + 158099. Is v prime?
True
Let u be (1 + (-6)/4)/((-4)/(-8)). Is 29116/8 + u/2 a prime number?
False
Suppose 14*k - 13085941 - 14356120 = -53*k. Is k a composite number?
True
Suppose -4296570 - 259497 = -57*z. Is z a composite number?
True
Suppose 6*r + 30445 - 515935 = 0. Is r composite?
True
Let t(i) = -16866*i + 2101. Is t(-2) composite?
True
Let u be -12*1*(-4)/12. Suppose -u*q - z + 25078 = -8111, -4*z = 4*q - 33192. Suppose -5*h + c + q = -c, 5*c = h - 1641. Is h composite?
True
Suppose 0 = 4*l - 4*h - 8, -4*h = 4*l - 3*l - 17. Let g be (8/(l - 3))/